of 3224?
4
What is the tens digit of 2317?
1
What is the hundreds digit of 12964?
9
What is the thousands digit of 1136?
1
What is the units digit of 1120?
0
What is the hundreds digit of 3667?
6
What is the ten thousands digit of 13201?
1
What is the ten thousands digit of 11311?
1
What is the tens digit of 30228?
2
What is the tens digit of 588?
8
What is the hundreds digit of 7295?
2
What is the thousands digit of 25837?
5
What is the ten thousands digit of 127636?
2
What is the tens digit of 420?
2
What is the units digit of 28447?
7
What is the tens digit of 3701?
0
What is the ten thousands digit of 13481?
1
What is the tens digit of 495?
9
What is the units digit of 3288?
8
What is the thousands digit of 25850?
5
What is the hundreds digit of 1115?
1
What is the units digit of 5517?
7
What is the units digit of 9172?
2
What is the tens digit of 5881?
8
What is the units digit of 34?
4
What is the thousands digit of 1139?
1
What is the units digit of 4972?
2
What is the tens digit of 8323?
2
What is the hundreds digit of 4236?
2
What is the tens digit of 1158?
5
What is the tens digit of 21926?
2
What is the ten thousands digit of 74740?
7
What is the units digit of 4404?
4
What is the hundreds digit of 253?
2
What is the hundreds digit of 56326?
3
What is the units digit of 100?
0
What is the tens digit of 16067?
6
What is the hundreds digit of 2331?
3
What is the units digit of 1476?
6
What is the units digit of 16968?
8
What is the hundreds digit of 494?
4
What is the units digit of 3306?
6
What is the thousands digit of 3511?
3
What is the hundreds digit of 272?
2
What is the thousands digit of 35284?
5
What is the hundreds digit of 37280?
2
What is the hundreds digit of 41125?
1
What is the units digit of 59663?
3
What is the units digit of 370?
0
What is the tens digit of 40771?
7
What is the tens digit of 3534?
3
What is the units digit of 1748?
8
What is the hundreds digit of 1984?
9
What is the tens digit of 3326?
2
What is the tens digit of 905?
0
What is the units digit of 808?
8
What is the thousands digit of 29961?
9
What is the tens digit of 1005?
0
What is the hundreds digit of 106072?
0
What is the units digit of 1515?
5
What is the units digit of 6596?
6
What is the units digit of 16800?
0
What is the units digit of 3778?
8
What is the hundreds digit of 940?
9
What is the ten thousands digit of 50579?
5
What is the hundreds digit of 1667?
6
What is the thousands digit of 7889?
7
What is the units digit of 1143?
3
What is the units digit of 31557?
7
What is the hundreds digit of 10813?
8
What is the units digit of 2307?
7
What is the ten thousands digit of 15025?
1
What is the ten thousands digit of 10370?
1
What is the units digit of 935?
5
What is the hundred thousands digit of 188445?
1
What is the tens digit of 2106?
0
What is the units digit of 16423?
3
What is the thousands digit of 8607?
8
What is the thousands digit of 1209?
1
What is the units digit of 2068?
8
What is the tens digit of 10304?
0
What is the ten thousands digit of 25636?
2
What is the tens digit of 21339?
3
What is the tens digit of 239?
3
What is the hundreds digit of 60295?
2
What is the units digit of 7124?
4
What is the hundreds digit of 3315?
3
What is the tens digit of 397?
9
What is the hundreds digit of 691?
6
What is the tens digit of 2085?
8
What is the tens digit of 31578?
7
What is the hundreds digit of 13417?
4
What is the hundreds digit of 98316?
3
What is the thousands digit of 1617?
1
What is the tens digit of 1321?
2
What is the thousands digit of 1264?
1
What is the units digit of 4247?
7
What is the hundreds digit of 299?
2
What is the ten thousands digit of 21834?
2
What is the tens digit of 952?
5
What is the hundreds digit of 1801?
8
What is the units digit of 618?
8
What is the hundreds digit of 169?
1
What is the thousands digit of 5103?
5
What is the hundreds digit of 24748?
7
What is the units digit of 4157?
7
What is the units digit of 2463?
3
What is the tens digit of 7384?
8
What is the ten thousands digit of 29556?
2
What is the thousands digit of 5112?
5
What is the ten thousands digit of 13687?
1
What is the units digit of 1186?
6
What is the hundreds digit of 110427?
4
What is the units digit of 1646?
6
What is the tens digit of 467?
6
What is the thousands digit of 3784?
3
What is the thousands digit of 3515?
3
What is the hundreds digit of 3587?
5
What is the ten thousands digit of 21463?
2
What is the hundreds digit of 23007?
0
What is the thousands digit of 14906?
4
What is the tens digit of 676?
7
What is the tens digit of 5878?
7
What is the ten thousands digit of 12621?
1
What is the hundreds digit of 43576?
5
What is the tens digit of 607?
0
What is the tens digit of 730?
3
What is the tens digit of 51?
5
What is the thousands digit of 2689?
2
What is the units digit of 1753?
3
What is the hundreds digit of 26011?
0
What is the hundreds digit of 221?
2
What is the units digit of 936?
6
What is the units digit of 18827?
7
What is the tens digit of 4717?
1
What is the hundreds digit of 948?
9
What is the ten thousands digit of 86454?
8
What is the thousands digit of 1619?
1
What is the hundreds digit of 4384?
3
What is the thousands digit of 8235?
8
What is the thousands digit of 1194?
1
What is the hundreds digit of 1077?
0
What is the tens digit of 75637?
3
What is the ten thousands digit of 11187?
1
What is the tens digit of 1592?
9
What is the thousands digit of 58503?
8
What is the ten thousands digit of 52593?
5
What is the units digit of 5452?
2
What is the hundreds digit of 322?
3
What is the hundreds digit of 972?
9
What is the tens digit of 2006?
0
What is the thousands digit of 4797?
4
What is the hundreds digit of 2422?
4
What is the hundred thousands digit of 140966?
1
What is the units digit of 202?
2
What is the units digit of 4050?
0
What is the tens digit of 454?
5
What is the hundreds digit of 7986?
9
What is the tens digit of 422?
2
What is the tens digit of 21816?
1
What is the tens digit of 3342?
4
What is the units digit of 987?
7
What is the thousands digit of 52960?
2
What is the tens digit of 42?
4
What is the tens digit of 7775?
7
What is the units digit of 3453?
3
What is the units digit of 6653?
3
What is the units digit of 72728?
8
What is the tens digit of 2062?
6
What is the units digit of 28701?
1
What is the tens digit of 5166?
6
What is the thousands digit of 2752?
2
What is the units digit of 2626?
6
What is the hundreds digit of 4876?
8
What is the units digit of 6121?
1
What is the units digit of 38468?
8
What is the tens digit of 3768?
6
What is the units digit of 682?
2
What is the hundreds digit of 37011?
0
What is the hundreds digit of 34544?
5
What is the units digit of 32146?
6
What is the units digit of 2190?
0
What is the tens digit of 4330?
3
What is the tens digit of 143999?
9
What is the tens digit of 1596?
9
What is the thousands digit of 1408?
1
What is the hundreds digit of 867?
8
What is the hundreds digit of 617?
6
What is the ten thousands digit of 21198?
2
What is the units digit of 1801?
1
What is the tens digit of 2351?
5
What is the tens digit of 4518?
1
What is the tens digit of 38652?
5
What is the hundreds digit of 8739?
7
What is the hundreds digit of 12101?
1
What is the tens digit of 352?
5
What is the tens digit of 44814?
1
What is the thousands digit of 15156?
5
What is the tens digit of 96851?
5
What is the thousands digit of 2700?
2
What is the thousands digit of 26164?
6
What is the ten thousands digit of 10096?
1
What is the tens digit of 12426?
2
What is the units digit of 737?
7
What is the hundreds digit of 227?
2
What is the units digit of 22?
2
What is the tens digit of 66648?
4
What is the thousands digit of 11107?
1
What is the hundreds digit of 3192?
1
What is the units digit of 84395?
5
What is the tens digit of 124985?
8
What is the ten thousands digit of 17253?
1
What is the units digit of 98?
8
What is the tens digit of 1019?
1
What is the units digit of 68704?
4
What is the thousands digit of 15660?
5
What is the units digit of 7977?
7
What is the units digit of 510?
0
What is the tens digit of 53268?
6
What is the units digit of 25039?
9
What is the units digit of 1972?
2
What is the hundreds digit of 692?
6
What is the te